se
Is 2735926 prime?
False
Is 423911069 prime?
False
Is 113965759 composite?
True
Is 20923865 composite?
True
Is 847744561 a composite number?
False
Is 675029 a prime number?
True
Is 1544821 a composite number?
True
Is 115029833 composite?
True
Is 49389139 prime?
True
Is 5226887 a prime number?
True
Is 8864138 composite?
True
Is 133274837 a composite number?
False
Is 756050731 composite?
False
Is 69748187 a composite number?
False
Is 131426887 composite?
True
Is 8376811 a prime number?
True
Is 120214753 prime?
False
Is 3246409 a composite number?
True
Is 51896062 prime?
False
Is 9367277 composite?
False
Is 689489 composite?
True
Is 2137637 prime?
True
Is 78215903 prime?
False
Is 3039173 a prime number?
True
Is 11706107 composite?
True
Is 49035809 a composite number?
False
Is 1367165 composite?
True
Is 8812039 prime?
False
Is 103737743 composite?
False
Is 8317949 prime?
True
Is 3590687 composite?
False
Is 74484623 a composite number?
True
Is 2373029 a composite number?
False
Is 589021 a prime number?
True
Is 4057511 a composite number?
False
Is 9502859 prime?
True
Is 60545737 a composite number?
True
Is 17339351 composite?
True
Is 967129 composite?
False
Is 6632767 a composite number?
True
Is 84811469 composite?
False
Is 114975907 a composite number?
True
Is 79154863 a prime number?
True
Is 10943321 composite?
False
Is 708551 prime?
False
Is 34890969 a composite number?
True
Is 1272223 a composite number?
False
Is 26398643 a composite number?
False
Is 1579289 prime?
False
Is 7401533 a prime number?
True
Is 5977729 a composite number?
True
Is 4661291 composite?
False
Is 25153673 composite?
True
Is 282704041 prime?
True
Is 534941303 prime?
False
Is 42912359 composite?
True
Is 2441731 a composite number?
True
Is 373840219 composite?
True
Is 6556201 a composite number?
False
Is 2089379 a prime number?
True
Is 515867761 prime?
True
Is 6491921 composite?
True
Is 3575459 composite?
True
Is 8060041 composite?
True
Is 40085339 composite?
True
Is 527877017 prime?
True
Is 8390813 prime?
False
Is 1463557 a prime number?
True
Is 66034821 composite?
True
Is 21267989 composite?
False
Is 103345127 a prime number?
True
Is 21631011 composite?
True
Is 676769279 prime?
True
Is 28607417 prime?
True
Is 203106081 a prime number?
False
Is 71637107 composite?
False
Is 8018707 composite?
True
Is 585567109 prime?
True
Is 2517641 composite?
True
Is 1243966 a composite number?
True
Is 40811861 a composite number?
False
Is 22914301 composite?
True
Is 15940091 a prime number?
True
Is 20419769 a prime number?
True
Is 1731547 a prime number?
False
Is 82345957 a composite number?
True
Is 1220771 composite?
True
Is 192096287 prime?
True
Is 646308097 a composite number?
True
Is 6393251 a composite number?
False
Is 100441183 composite?
True
Is 52267223 a prime number?
True
Is 1385366485 composite?
True
Is 201661 composite?
False
Is 4804567 prime?
True
Is 3724757 a prime number?
True
Is 1788103 a composite number?
False
Is 23277927 a prime number?
False
Is 13650689 a prime number?
False
Is 1932181 composite?
False
Is 358080787 prime?
True
Is 21960737 a prime number?
False
Is 2396053 a composite number?
True
Is 1050766121 prime?
True
Is 9035605 a prime number?
False
Is 75063217 a prime number?
True
Is 5616097 prime?
True
Is 9417143 a prime number?
False
Is 1822889 composite?
True
Is 24278897 a composite number?
False
Is 32147041 a prime number?
True
Is 124597433 composite?
False
Is 3788689 a prime number?
False
Is 33483799 composite?
True
Is 4965371 composite?
False
Is 745973 prime?
True
Is 2770069 composite?
True
Is 70823029 composite?
False
Is 176371 composite?
True
Is 89323 a composite number?
True
Is 8501747 prime?
False
Is 130075391 composite?
False
Is 126870623 a prime number?
False
Is 611389 a prime number?
True
Is 2902577 a composite number?
True
Is 12569827 prime?
True
Is 3284027 a prime number?
False
Is 135006493 a composite number?
False
Is 83775833 a prime number?
False
Is 36999619 composite?
False
Is 63269933 prime?
True
Is 3594863 composite?
False
Is 25947539 a composite number?
False
Is 205702061 composite?
True
Is 12356317 prime?
True
Is 6182767 a composite number?
False
Is 344396167 a prime number?
True
Is 7875697 composite?
False
Is 3714569 composite?
True
Is 1421543 prime?
True
Is 145907119 a prime number?
True
Is 3460162 prime?
False
Is 57012563 a composite number?
False
Is 739929653 prime?
True
Is 160905997 composite?
True
Is 3544907 a prime number?
True
Is 20247739 a prime number?
True
Is 14415797 prime?
False
Is 29442367 prime?
False
Is 4677817 prime?
True
Is 15268327 prime?
True
Is 230568071 a composite number?
False
Is 21500111 a prime number?
True
Is 38480047 a prime number?
False
Is 41711243 a composite number?
True
Is 278654261 prime?
True
Is 492163 a composite number?
True
Is 536743 a composite number?
False
Is 24045817 a composite number?
False
Is 166634723 a prime number?
False
Is 2556661 prime?
True
Is 1842707 prime?
False
Is 328528469 composite?
False
Is 48905599 prime?
True
Is 79746749 prime?
True
Is 32213893 a composite number?
True
Is 52561343 prime?
True
Is 159101729 composite?
False
Is 6782267 composite?
True
Is 27836027 a prime number?
False
Is 3098443 a composite number?
False
Is 354841 composite?
True
Is 2312747 prime?
True
Is 863718347 prime?
True
Is 41082269 a composite number?
True
Is 15823889 a prime number?
False
Is 2984671 a composite number?
False
Is 1221607 a prime number?
False
Is 809309 composite?
False
Is 965711 a prime number?
True
Is 109329121 a composite number?
True
Is 198267521 prime?
False
Is 14291049 composite?
True
Is 110798243 a prime number?
False
Is 1388479 prime?
True
Is 102833387 a prime number?
False
Is 14209673 prime?
False
Is 14432867 prime?
True
Is 27761317 composite?
False
Is 380591 prime?
True
Is 774569 a composite number?
True
Is 2127607 prime?
True
Is 6282499 composite?
False
Is 6165179 composite?
True
Is 41885941 a prime number?
True
Is 154532141 prime?
False
Is 32919869 prime?
False
Is 1637633 composite?
False
Is 448499771 a composite number?
False
Is 1383077 prime?
True
Is 4731035 a composite number?
True
Is 890611 composite?
True
Is 366551903 composite?
False
Is 46516801 a prime number?
True
Is 20566951 prime?
True
Is 10364069 a composite number?
False
Is 111992027 composite?
True
Is 621913 prime?
True
Is 2414949 a prime number?
False
Is 147863249 prime?
True
Is 399758357 a prime number?
False
Is 22132489 a prime number?
False
Is 11724421 a composite number?
True
Is 3331603 a prime number?
False
Is 10961597 a prime number?
True
Is 69459527 a composite number?
True
Is 47252201 prime?
True
Is 44743003 a prime number?
True
Is 1210142 prime?
False
Is 3548978 a composite number?
True
Is 18701467 composite?
False
Is 16306327 prime?
False
Is 6720477 a prime number?
False
Is 6896053 a composite number?
False
Is 10811695 composite?
True
Is 7980079 prime?
False
Is 59440597 composite?
True
Is 752473 a composite number?
True
Is 1904143 a prime number?
True
Is 69373091 composite?
True
Is 18209753 prime?
True
Is 4355137 composite?
False
Is 6854761 composite?
False
Is 61960477 a composite number?
False
Is 24814367 prime?
True
Is 816379 a prime number?
False
Is 8397889 a prime number?
False
Is 94523395 a composite number?
True
Is 583093 a prime number?
False
Is 235137343 prime?
False
Is 73258447 a prime number?
True
Is 5330471 a prime number?
True
Is 204040531 prime?
False
Is 144119347 a composite number?
True
Is 79823011 prime?
True
Is 356819 composite?
False
Is 519391 composite?
False
Is 19467323 a prime number?
False
Is 11695 composite?
True
Is 400955 composite?
True
Is 139381 a composite number?
True
Is 15253078 a prime number?
False
Is 621211 a composite number?
True
Is 263294209 a composite number?
False
Is 102226777 composite?
False
Is 21317753 prime?
False
Is 85195421 prime?
True
Is 41391235 composite?
True
Is 30664933 composite?
True
Is 9185387 composite?
False
Is 202477943 a prime number?
False
Is 32533901 a prime number?
True
Is 107891599 a composite number?
False
Is 791018 a prime number?
False
Is 7153745 prime?
False
Is 8852489 a composite number?
True
Is 3752523703 a prime number?
True
Is 194648581 composite?
False
Is 191567227 a prime number?
True
Is 923135 a composite number?
True
Is 998311 a composite